at is the greatest common factor of m and c?
1
Let d be -12 - -3 - (-11 + -3). Suppose -5*h - 3*j = j + 6, 0 = -3*h - 5*j - 14. What is the greatest common divisor of d and h?
1
Let z = 131 - -135. What is the greatest common divisor of z and 76?
38
Let d be (3488/(-176) - (-4)/(-22))/(-1). Calculate the highest common divisor of d and 1420.
20
Let n(t) = -t + 35. Let k be n(9). Let b = -56 + -51. Let h = -55 - b. Calculate the greatest common factor of k and h.
26
Let s = 129 - 66. Suppose q + 3*q = 3*x + s, -5*q = -2*x - 70. Calculate the highest common factor of 12 and q.
12
Suppose 0 = -28*w + 162 + 314. Calculate the greatest common divisor of 17 and w.
17
Suppose 6*l + 102 = 3*l. Let j = l - -72. What is the greatest common divisor of j and 19?
19
Suppose -63 = -5*b - 8. What is the highest common factor of b and 6?
1
Let s = -137 + 113. Let f be (-504)/s + (-1 - 0). Let b(n) = 22*n + 6. Let v be b(7). Calculate the highest common factor of v and f.
20
Let k be -1 - (-1 - 3) - -18. What is the highest common divisor of 7 and k?
7
Let q = -6 - -14. Suppose 7*a - 40 = 5*a. Let o be a*(1 + 6/(-10)). What is the greatest common divisor of o and q?
8
Suppose 7*d + 276 = k + 4*d, 4*d = -16. Calculate the highest common factor of 72 and k.
24
Suppose -20 = -0*p - p. Suppose -3*y + 1 = -i, p = 2*i - 0*i + 5*y. Let s be (i + 1)*(-2)/(-4). Calculate the greatest common divisor of s and 6.
3
Let l be (-30)/4*(-8)/3. Let g = l - -15. Calculate the highest common divisor of 7 and g.
7
Let v be 0 - (1 + 2 + -59). Suppose -688 = -7*a + 12. Let p = 40 + a. What is the greatest common divisor of v and p?
28
Let q(k) = k**3 + 14*k**2 - 34*k + 25. Let m be q(-16). Calculate the highest common divisor of 9 and m.
3
Let t(v) = 5*v**2 + 6*v + 10. Let s be (-2)/4*(1 + -1). Suppose s = 3*r - 10 + 28. Let g be t(r). Calculate the greatest common factor of g and 14.
14
Suppose 0 = 3*q - p - 44, -4*q - 2*p - 3*p = -46. Suppose 349 - 26 = 19*h. Suppose h = -c + 19. What is the greatest common factor of c and q?
2
Suppose -4*l + 5*l = 51. Let q be 32 + (-2)/(4/(-4)). Calculate the highest common factor of l and q.
17
Let k(h) = 2*h + 1. Let l be k(7). Let a(d) = 5*d + 185. Let b be a(-4). What is the greatest common factor of b and l?
15
Let m = -25 - -130. Let q be (20/(-15))/((-2)/6). Suppose m - 37 = q*d. Calculate the highest common divisor of 17 and d.
17
Suppose -3*l = 6*l - 270. What is the greatest common factor of 240 and l?
30
Let h(z) be the first derivative of -1 - 4*z + 5/2*z**2. Let g be h(2). Calculate the highest common divisor of g and 12.
6
Let d = 32 + -32. Suppose 8*f - 59 - 13 = d. Let m be 16*((-18)/(-8))/1. Calculate the greatest common factor of m and f.
9
Suppose -5 = -4*m - 1. Suppose -m = 2*w - 17. Let h be (2*33)/(4/w). What is the highest common factor of h and 22?
22
Suppose 2*k - d = 3*d - 4, d - 6 = 3*k. Let b be 105*(2 - k)/(11 + -1). Calculate the greatest common factor of b and 21.
21
Suppose -1093 = -24*x - 253. Let y = -304 - -549. Calculate the greatest common divisor of x and y.
35
Let l(d) = -d - 6. Let t be l(-6). Suppose 2*f + f - 138 = t. Let c = -165 + 188. Calculate the greatest common divisor of c and f.
23
Suppose -2*h = 39 - 3. Let r be (-20)/6*h/5. Calculate the greatest common divisor of 3 and r.
3
Suppose -278 = -5*q - 4*y + 36, -y = -q + 61. Let k = q - -4. What is the greatest common factor of 44 and k?
22
Suppose -15*c + 47 = -118. Calculate the highest common factor of 132 and c.
11
Let l(y) = 6*y**3 - 12*y**2 + y + 11. Let h be l(4). What is the highest common divisor of 92 and h?
23
Let f(y) = -y**2 + 22. Let v be f(0). Let j(q) = 10*q**2 - q - 1. Let o be j(-1). Let h = v - o. Calculate the highest common factor of 96 and h.
12
Let z(p) = 3*p + 66. Let s be z(-19). What is the highest common divisor of 144 and s?
9
Let i(w) = 7*w + 71. Let v be i(-2). What is the highest common divisor of 741 and v?
57
Suppose 0 = c + 3*c - w - 505, c - w = 127. What is the greatest common factor of c and 154?
14
Suppose -3*i = -0*h - 2*h - 13, 2*h + 20 = -4*i. Let m be 453 + (-1)/(-3 - 28/h). Calculate the greatest common divisor of 41 and m.
41
Let z(b) = 3*b**3 - 2*b**2 - b + 2. Let p be z(2). Let s(v) = -v**3 - 25*v**2 - 49*v - 67. Let a be s(-23). What is the highest common divisor of p and a?
2
Let c = -25 + 106. Let u be -4 + c + 0/1. What is the greatest common divisor of 7 and u?
7
Suppose 3*c + 27 = 3*f, 3*f - 47 = -2*c - 0. Let o = -18 + 20. Suppose -3*g + 13 = -o*g. Calculate the highest common divisor of f and g.
13
Let d = 539 - 309. What is the greatest common factor of d and 10?
10
Suppose 12*c - 7*c - 3*l - 150 = 0, -3*l = 0. Let o = c + 82. What is the highest common divisor of 16 and o?
16
Suppose -4*f + 26 = 14. What is the highest common divisor of 69 and f?
3
Suppose 2*p + 19*c - 3 = 18*c, -p + 2*c + 14 = 0. What is the greatest common divisor of 1876 and p?
4
Suppose 51*w - 45*w - 420 = 0. Calculate the greatest common factor of w and 245.
35
Suppose u - 4*z - 76 = -0*u, 0 = -u + 2*z + 68. Let i = u - 20. Calculate the greatest common factor of 20 and i.
20
Let h be (-572)/(-18) - (-56)/252. Calculate the greatest common divisor of 544 and h.
32
Suppose -3*s - 33 + 135 = 0. What is the highest common divisor of s and 221?
17
Suppose -2*b + 5*l = 41 - 37, -4*l - 1 = -3*b. Calculate the highest common divisor of b and 9.
3
Let l = 5 - 1. Let p be (-6)/(0 - (-18)/(-12)). Suppose 0 = -2*r + z + 239, r + 356 = l*r - p*z. What is the highest common divisor of r and 48?
24
Suppose 3*r = -2*p + 195, -395 = -2*p - 2*p - r. Calculate the greatest common divisor of p and 363.
33
Suppose 4*a = -0*p + 5*p + 265, -2*p + 290 = 5*a. Let n = -694 - -714. Calculate the greatest common factor of n and a.
20
Let o be (-9)/12 - (-1701)/28. What is the greatest common factor of o and 30?
30
Suppose 5*c = 2*r - 651, 3*r + c - 1087 + 119 = 0. What is the highest common factor of 133 and r?
19
Suppose 2*p + z + 59 = 0, 2*z = 5*p - 0*z + 134. Let i = 40 + p. What is the highest common divisor of i and 48?
12
Suppose -60 = 21*z - 22*z. Calculate the highest common divisor of z and 135.
15
Let s = 160 + 121. Suppose -y + 93 = 4*p - s, -3*p + 286 = -2*y. Let a = 16 + p. Calculate the greatest common divisor of a and 10.
10
Let u(x) = -3*x - 41. Let r be u(-15). Suppose -2*p - j = -69, -10 = r*j + 2. What is the greatest common divisor of 108 and p?
36
Suppose u + 2*d - 27 = 0, -u + 0*d = -d - 36. Suppose -3*v = -8 - 7. Suppose -v*f + 83 = 4*r + 15, -8 = 2*f. Calculate the greatest common divisor of u and r.
11
Let d(g) = -19*g + 136. Let a be d(-8). Calculate the highest common factor of a and 3.
3
Suppose d - 15 = 24. Suppose -q + 1 + 1 = 0. Suppose 0 = -j + q*j - 13. What is the greatest common divisor of d and j?
13
Suppose -228 = -8*t - 20. Calculate the greatest common divisor of t and 78.
26
Let i be 10*(-2)/10*-2. Suppose -22 = -3*o + o - i*b, 3*b = 12. Let a = 60 + -33. Calculate the greatest common factor of o and a.
3
Let a(z) = -2*z - 2. Let x be a(-4). Suppose x*j = 10 + 8. Let u(i) = 8*i - 7. Let k be u(j). Calculate the greatest common factor of k and 119.
17
Suppose 0 = -5*k - 5*t + 325, -5*k + k + 265 = 3*t. What is the highest common divisor of 182 and k?
14
Suppose -3*w + 4*p = -27, -2*w - 20*p + 20 = -22*p. What is the greatest common divisor of w and 208?
13
Suppose -t = -0*t - 4*l - 45, 3*t = 2*l + 165. Let q = t - 51. What is the greatest common factor of q and 42?
6
Let z(r) = 11*r**2 - 28*r - 135. Let w be z(-6). What is the highest common factor of 99 and w?
33
Suppose 2*a - 25 = 9. Let s = a - 11. Suppose 9*b = 5*b + 8. What is the greatest common factor of s and b?
2
Let h = 1 + 3. Suppose -h*k = -20, 2*b - 188 = -0*b - 4*k. Let o = -28 - -42. What is the highest common factor of o and b?
14
Let h(z) = -z**3 + 28*z**2 - 176*z + 107. Let j be h(10). Suppose 4*r = 2*o + 38, -r + 32 = -2*o - 3*o. Calculate the greatest common factor of j and r.
7
Let j = 774 - 730. What is the highest common divisor of 22 and j?
22
Let h be 9/(-108) - (-1351)/84. What is the greatest common divisor of h and 1616?
16
Suppose -6*w + 110 = 2*o, 2*w - 4*o - 18 = -0*w. Suppose -t + 106 = -3*i + 2, -382 = -3*t - 5*i. Calculat